{"id":2718,"date":"2026-01-15T21:53:55","date_gmt":"2026-01-15T20:53:55","guid":{"rendered":"https:\/\/www.popotinhousse.fr\/?page_id=2718"},"modified":"2026-01-15T21:58:04","modified_gmt":"2026-01-15T20:58:04","slug":"cgv","status":"publish","type":"page","link":"https:\/\/popotinhousse.fr\/?page_id=2718","title":{"rendered":"CGV"},"content":{"rendered":"\t\t<div data-elementor-type=\"wp-page\" data-elementor-id=\"2718\" class=\"elementor elementor-2718\">\n\t\t\t\t<div class=\"elementor-element elementor-element-ce5affd e-flex e-con-boxed e-con e-parent\" data-id=\"ce5affd\" data-element_type=\"container\">\n\t\t\t\t\t<div class=\"e-con-inner\">\n\t\t\t\t<div class=\"elementor-element elementor-element-24becdd elementor-widget elementor-widget-heading\" data-id=\"24becdd\" data-element_type=\"widget\" data-widget_type=\"heading.default\">\n\t\t\t\t<div class=\"elementor-widget-container\">\n\t\t\t\t\t<h4 class=\"elementor-heading-title elementor-size-default\">Conditions G\u00e9n\u00e9rales de Vente<\/h4>\t\t\t\t<\/div>\n\t\t\t\t<\/div>\n\t\t\t\t\t<\/div>\n\t\t\t\t<\/div>\n\t\t<div class=\"elementor-element elementor-element-da3d4db e-flex e-con-boxed e-con e-parent\" data-id=\"da3d4db\" data-element_type=\"container\">\n\t\t\t\t\t<div class=\"e-con-inner\">\n\t\t\t\t<div class=\"elementor-element elementor-element-fe1fbd6 elementor-widget elementor-widget-text-editor\" data-id=\"fe1fbd6\" data-element_type=\"widget\" data-widget_type=\"text-editor.default\">\n\t\t\t\t<div class=\"elementor-widget-container\">\n\t\t\t\t\t\t\t\t\t<p class=\"p1\">Les pr\u00e9sentes Conditions G\u00e9n\u00e9rales de Vente (dites \u00ab CGV \u00bb) r\u00e9gissent les ventes de produits effectu\u00e9es sur le site <span class=\"s1\"><b>Popotin<\/b><\/span> entre la soci\u00e9t\u00e9 Popotin et toute personne effectuant un achat via le site.<\/p><h4><b>1. Identit\u00e9 du vendeur<\/b><\/h4><p class=\"p4\"><b>Popotin<\/b><b><\/b><\/p><p class=\"p1\">Soci\u00e9t\u00e9 par Actions Simplifi\u00e9e (SAS)<\/p><p class=\"p4\"><span class=\"s3\">Si\u00e8ge social : <\/span><b>Bordeaux, France<\/b><b><\/b><\/p><p class=\"p1\">Activit\u00e9 : vente de housses d\u2019ordinateur<\/p><p class=\"p4\"><span class=\"s3\">\ud83d\udce7 Email : <\/span><b>[\u00e0 compl\u00e9ter]<\/b><b><\/b><\/p><p class=\"p2\">\u00a0<\/p><hr \/><h4><b>2. Champ d\u2019application<\/b><\/h4><p class=\"p1\">Les pr\u00e9sentes CGV s\u2019appliquent \u00e0 toutes les commandes pass\u00e9es sur le site Popotin par des consommateurs, \u00e0 l\u2019exclusion de toute autre condition.<\/p><p class=\"p1\">Toute commande implique l\u2019acceptation sans r\u00e9serve des pr\u00e9sentes CGV.<\/p><p class=\"p2\">\u00a0<\/p><hr \/><h4><b>3. Produits<\/b><\/h4><p class=\"p1\">Les produits propos\u00e9s \u00e0 la vente sont des <span class=\"s1\"><b>housses d\u2019ordinateur<\/b><\/span>.<\/p><p class=\"p1\">Chaque produit est d\u00e9crit avec la plus grande exactitude possible. Toutefois, des variations minimes peuvent exister (couleur, texture), sans engager la responsabilit\u00e9 de Popotin.<\/p><p class=\"p2\">\u00a0<\/p><hr \/><h4><b>4. Prix<\/b><\/h4><p class=\"p1\">Les prix sont indiqu\u00e9s en <span class=\"s1\"><b>euros (\u20ac)<\/b><\/span>, <span class=\"s1\"><b>toutes taxes comprises (TTC)<\/b><\/span>, hors frais de livraison.<\/p><p class=\"p1\">Popotin se r\u00e9serve le droit de modifier ses prix \u00e0 tout moment, mais le produit sera factur\u00e9 sur la base du tarif en vigueur au moment de la commande.<\/p><p class=\"p2\">\u00a0<\/p><hr \/><h4><b>5. Commande<\/b><\/h4><p class=\"p1\">La commande est valid\u00e9e lorsque :<\/p><p class=\"p2\">\u00a0<\/p><ul><li><p class=\"p1\">Le client s\u00e9lectionne ses produits<\/p><\/li><li><p class=\"p1\">Renseigne ses informations personnelles<\/p><\/li><li><p class=\"p1\">Accepte les CGV<\/p><\/li><li><p class=\"p1\">Proc\u00e8de au paiement<\/p><\/li><\/ul><p>\u00a0<\/p><p class=\"p1\">Une confirmation de commande est envoy\u00e9e par email.<\/p><p class=\"p1\">Popotin se r\u00e9serve le droit d\u2019annuler ou de refuser toute commande en cas de litige ant\u00e9rieur avec le client.<\/p><p class=\"p2\">\u00a0<\/p><hr \/><h4><b>6. Paiement<\/b><\/h4><p class=\"p1\">Le paiement est exigible imm\u00e9diatement \u00e0 la commande.<\/p><p class=\"p1\">Les moyens de paiement accept\u00e9s sont :<\/p><p class=\"p2\">\u00a0<\/p><ul><li><p class=\"p1\">Carte bancaire<\/p><\/li><li><p class=\"p1\">Autres moyens propos\u00e9s sur le site (via prestataires s\u00e9curis\u00e9s)<\/p><\/li><\/ul><p>\u00a0<\/p><p class=\"p1\">Les paiements sont trait\u00e9s via des plateformes de paiement s\u00e9curis\u00e9es. Popotin n\u2019a jamais acc\u00e8s aux donn\u00e9es bancaires.<\/p><p class=\"p2\">\u00a0<\/p><hr \/><h4><b>7. Livraison<\/b><\/h4><p class=\"p1\">Les produits sont livr\u00e9s \u00e0 l\u2019adresse indiqu\u00e9e par le client lors de la commande.<\/p><p class=\"p1\">Les d\u00e9lais de livraison sont indiqu\u00e9s \u00e0 titre indicatif. Un retard ne pourra donner lieu \u00e0 aucune indemnisation, sauf disposition l\u00e9gale contraire.<\/p><p class=\"p1\">Les frais de livraison sont pr\u00e9cis\u00e9s avant la validation de la commande.<\/p><p class=\"p2\">\u00a0<\/p><hr \/><h4><b>8. Droit de r\u00e9tractation<\/b><\/h4><p class=\"p1\">Conform\u00e9ment \u00e0 l\u2019article L221-18 du Code de la consommation, le client dispose d\u2019un d\u00e9lai de <span class=\"s1\"><b>14 jours<\/b><\/span> \u00e0 compter de la r\u00e9ception de sa commande pour exercer son droit de r\u00e9tractation.<\/p><p class=\"p1\">Les produits doivent \u00eatre retourn\u00e9s :<\/p><p class=\"p2\">\u00a0<\/p><ul><li><p class=\"p1\">Non utilis\u00e9s<\/p><\/li><li><p class=\"p1\">En parfait \u00e9tat<\/p><\/li><li><p class=\"p1\">Dans leur emballage d\u2019origine<\/p><\/li><\/ul><p>\u00a0<\/p><p class=\"p1\">Les frais de retour sont \u00e0 la charge du client.<\/p><p class=\"p1\">Le remboursement sera effectu\u00e9 dans un d\u00e9lai maximum de <span class=\"s1\"><b>14 jours<\/b><\/span> apr\u00e8s r\u00e9ception du retour.<\/p><p class=\"p1\">\u26a0\ufe0f Les produits personnalis\u00e9s ne sont ni repris ni \u00e9chang\u00e9s.<\/p><p class=\"p2\">\u00a0<\/p><hr \/><h4><b>9. Retours et remboursements<\/b><\/h4><p class=\"p1\">En cas de produit d\u00e9fectueux ou non conforme, le client doit contacter Popotin dans un d\u00e9lai de <span class=\"s1\"><b>14 jours<\/b><\/span> apr\u00e8s r\u00e9ception.<\/p><p class=\"p1\">Apr\u00e8s v\u00e9rification, Popotin proposera :<\/p><p class=\"p2\">\u00a0<\/p><ul><li><p class=\"p1\">Un \u00e9change<\/p><\/li><li><p class=\"p1\">Ou un remboursement<\/p><\/li><\/ul><p>\u00a0<\/p><p class=\"p2\">\u00a0<\/p><hr \/><h4><b>10. Garantie l\u00e9gale<\/b><\/h4><p class=\"p1\">Les produits b\u00e9n\u00e9ficient :<\/p><ul><li class=\"p1\"><span class=\"s1\">De la <\/span><b>garantie l\u00e9gale de conformit\u00e9<\/b><b><\/b><\/li><li><p class=\"p1\"><span class=\"s1\">De la <\/span><b>garantie contre les vices cach\u00e9s<\/b><\/p><\/li><\/ul><p>\u00a0<\/p><p class=\"p1\">Conform\u00e9ment aux articles L217-4 et suivants du Code de la consommation.<\/p><p class=\"p2\">\u00a0<\/p><hr \/><h4><b>11. Responsabilit\u00e9<\/b><\/h4><p class=\"p1\">Popotin ne saurait \u00eatre tenu responsable des dommages indirects r\u00e9sultant de l\u2019utilisation des produits vendus.<\/p><p class=\"p1\">La responsabilit\u00e9 de Popotin est limit\u00e9e au montant de la commande.<\/p><p class=\"p2\">\u00a0<\/p><hr \/><h4><b>12. Donn\u00e9es personnelles<\/b><\/h4><p class=\"p1\">Les donn\u00e9es personnelles collect\u00e9es sont trait\u00e9es conform\u00e9ment \u00e0 la <span class=\"s1\"><b>Politique de confidentialit\u00e9<\/b><\/span> disponible sur le site.<\/p><p class=\"p2\">\u00a0<\/p><hr \/><h4><b>13. Propri\u00e9t\u00e9 intellectuelle<\/b><\/h4><p class=\"p1\">Tous les \u00e9l\u00e9ments du site Popotin sont prot\u00e9g\u00e9s par le droit de la propri\u00e9t\u00e9 intellectuelle.<\/p><p class=\"p1\">Toute reproduction ou utilisation non autoris\u00e9e est interdite.<\/p><p class=\"p2\">\u00a0<\/p><hr \/><h4><b>14. Droit applicable et litiges<\/b><\/h4><p class=\"p1\">Les pr\u00e9sentes CGV sont soumises au <span class=\"s1\"><b>droit fran\u00e7ais<\/b><\/span>.<\/p><p class=\"p1\">En cas de litige, une solution amiable sera recherch\u00e9e avant toute action judiciaire.<\/p><p class=\"p1\">\u00c0 d\u00e9faut, les tribunaux fran\u00e7ais seront seuls comp\u00e9tents.<\/p>\t\t\t\t\t\t\t\t<\/div>\n\t\t\t\t<\/div>\n\t\t\t\t\t<\/div>\n\t\t\t\t<\/div>\n\t\t\t\t<\/div>\n\t\t","protected":false},"excerpt":{"rendered":"<p>Conditions G\u00e9n\u00e9rales de Vente Les pr\u00e9sentes Conditions G\u00e9n\u00e9rales de Vente (dites \u00ab CGV \u00bb) r\u00e9gissent les ventes de produits effectu\u00e9es sur le site Popotin entre la soci\u00e9t\u00e9 Popotin et toute personne effectuant un achat via le site. 1. Identit\u00e9 du vendeur Popotin Soci\u00e9t\u00e9 par Actions Simplifi\u00e9e (SAS) Si\u00e8ge social : Bordeaux, France Activit\u00e9 : vente [&hellip;]<\/p>\n","protected":false},"author":1,"featured_media":0,"parent":0,"menu_order":0,"comment_status":"closed","ping_status":"closed","template":"","meta":{"footnotes":""},"class_list":["post-2718","page","type-page","status-publish","hentry"],"blocksy_meta":[],"yoast_head":"<!-- This site is optimized with the Yoast SEO plugin v26.7 - https:\/\/yoast.com\/wordpress\/plugins\/seo\/ -->\n<title>CGV - Popotin<\/title>\n<meta name=\"robots\" content=\"index, follow, max-snippet:-1, max-image-preview:large, max-video-preview:-1\" \/>\n<link rel=\"canonical\" href=\"https:\/\/popotinhousse.fr\/?page_id=2718\" \/>\n<meta property=\"og:locale\" content=\"fr_FR\" \/>\n<meta property=\"og:type\" content=\"article\" \/>\n<meta property=\"og:title\" content=\"CGV - Popotin\" \/>\n<meta property=\"og:description\" content=\"Conditions G\u00e9n\u00e9rales de Vente Les pr\u00e9sentes Conditions G\u00e9n\u00e9rales de Vente (dites \u00ab CGV \u00bb) r\u00e9gissent les ventes de produits effectu\u00e9es sur le site Popotin entre la soci\u00e9t\u00e9 Popotin et toute personne effectuant un achat via le site. 1. Identit\u00e9 du vendeur Popotin Soci\u00e9t\u00e9 par Actions Simplifi\u00e9e (SAS) Si\u00e8ge social : Bordeaux, France Activit\u00e9 : vente [&hellip;]\" \/>\n<meta property=\"og:url\" content=\"https:\/\/popotinhousse.fr\/?page_id=2718\" \/>\n<meta property=\"og:site_name\" content=\"Popotin\" \/>\n<meta property=\"article:modified_time\" content=\"2026-01-15T20:58:04+00:00\" \/>\n<meta name=\"twitter:card\" content=\"summary_large_image\" \/>\n<meta name=\"twitter:label1\" content=\"Dur\u00e9e de lecture estim\u00e9e\" \/>\n\t<meta name=\"twitter:data1\" content=\"3 minutes\" \/>\n<script type=\"application\/ld+json\" class=\"yoast-schema-graph\">{\"@context\":\"https:\/\/schema.org\",\"@graph\":[{\"@type\":\"WebPage\",\"@id\":\"https:\/\/popotinhousse.fr\/?page_id=2718\",\"url\":\"https:\/\/popotinhousse.fr\/?page_id=2718\",\"name\":\"CGV - Popotin\",\"isPartOf\":{\"@id\":\"https:\/\/popotinhousse.fr\/#website\"},\"datePublished\":\"2026-01-15T20:53:55+00:00\",\"dateModified\":\"2026-01-15T20:58:04+00:00\",\"breadcrumb\":{\"@id\":\"https:\/\/popotinhousse.fr\/?page_id=2718#breadcrumb\"},\"inLanguage\":\"fr-FR\",\"potentialAction\":[{\"@type\":\"ReadAction\",\"target\":[\"https:\/\/popotinhousse.fr\/?page_id=2718\"]}]},{\"@type\":\"BreadcrumbList\",\"@id\":\"https:\/\/popotinhousse.fr\/?page_id=2718#breadcrumb\",\"itemListElement\":[{\"@type\":\"ListItem\",\"position\":1,\"name\":\"Accueil\",\"item\":\"https:\/\/popotinhousse.fr\/\"},{\"@type\":\"ListItem\",\"position\":2,\"name\":\"CGV\"}]},{\"@type\":\"WebSite\",\"@id\":\"https:\/\/popotinhousse.fr\/#website\",\"url\":\"https:\/\/popotinhousse.fr\/\",\"name\":\"Popotin\",\"description\":\"La housse d\u2019ordinateur 2-en-1 confortable et styl\u00e9e\",\"publisher\":{\"@id\":\"https:\/\/popotinhousse.fr\/#organization\"},\"potentialAction\":[{\"@type\":\"SearchAction\",\"target\":{\"@type\":\"EntryPoint\",\"urlTemplate\":\"https:\/\/popotinhousse.fr\/?s={search_term_string}\"},\"query-input\":{\"@type\":\"PropertyValueSpecification\",\"valueRequired\":true,\"valueName\":\"search_term_string\"}}],\"inLanguage\":\"fr-FR\"},{\"@type\":\"Organization\",\"@id\":\"https:\/\/popotinhousse.fr\/#organization\",\"name\":\"Popotin\",\"url\":\"https:\/\/popotinhousse.fr\/\",\"logo\":{\"@type\":\"ImageObject\",\"inLanguage\":\"fr-FR\",\"@id\":\"https:\/\/popotinhousse.fr\/#\/schema\/logo\/image\/\",\"url\":\"https:\/\/popotinhousse.fr\/wp-content\/uploads\/2026\/01\/logopopotin.png\",\"contentUrl\":\"https:\/\/popotinhousse.fr\/wp-content\/uploads\/2026\/01\/logopopotin.png\",\"width\":240,\"height\":240,\"caption\":\"Popotin\"},\"image\":{\"@id\":\"https:\/\/popotinhousse.fr\/#\/schema\/logo\/image\/\"}}]}<\/script>\n<!-- \/ Yoast SEO plugin. -->","yoast_head_json":{"title":"CGV - Popotin","robots":{"index":"index","follow":"follow","max-snippet":"max-snippet:-1","max-image-preview":"max-image-preview:large","max-video-preview":"max-video-preview:-1"},"canonical":"https:\/\/popotinhousse.fr\/?page_id=2718","og_locale":"fr_FR","og_type":"article","og_title":"CGV - Popotin","og_description":"Conditions G\u00e9n\u00e9rales de Vente Les pr\u00e9sentes Conditions G\u00e9n\u00e9rales de Vente (dites \u00ab CGV \u00bb) r\u00e9gissent les ventes de produits effectu\u00e9es sur le site Popotin entre la soci\u00e9t\u00e9 Popotin et toute personne effectuant un achat via le site. 1. Identit\u00e9 du vendeur Popotin Soci\u00e9t\u00e9 par Actions Simplifi\u00e9e (SAS) Si\u00e8ge social : Bordeaux, France Activit\u00e9 : vente [&hellip;]","og_url":"https:\/\/popotinhousse.fr\/?page_id=2718","og_site_name":"Popotin","article_modified_time":"2026-01-15T20:58:04+00:00","twitter_card":"summary_large_image","twitter_misc":{"Dur\u00e9e de lecture estim\u00e9e":"3 minutes"},"schema":{"@context":"https:\/\/schema.org","@graph":[{"@type":"WebPage","@id":"https:\/\/popotinhousse.fr\/?page_id=2718","url":"https:\/\/popotinhousse.fr\/?page_id=2718","name":"CGV - Popotin","isPartOf":{"@id":"https:\/\/popotinhousse.fr\/#website"},"datePublished":"2026-01-15T20:53:55+00:00","dateModified":"2026-01-15T20:58:04+00:00","breadcrumb":{"@id":"https:\/\/popotinhousse.fr\/?page_id=2718#breadcrumb"},"inLanguage":"fr-FR","potentialAction":[{"@type":"ReadAction","target":["https:\/\/popotinhousse.fr\/?page_id=2718"]}]},{"@type":"BreadcrumbList","@id":"https:\/\/popotinhousse.fr\/?page_id=2718#breadcrumb","itemListElement":[{"@type":"ListItem","position":1,"name":"Accueil","item":"https:\/\/popotinhousse.fr\/"},{"@type":"ListItem","position":2,"name":"CGV"}]},{"@type":"WebSite","@id":"https:\/\/popotinhousse.fr\/#website","url":"https:\/\/popotinhousse.fr\/","name":"Popotin","description":"La housse d\u2019ordinateur 2-en-1 confortable et styl\u00e9e","publisher":{"@id":"https:\/\/popotinhousse.fr\/#organization"},"potentialAction":[{"@type":"SearchAction","target":{"@type":"EntryPoint","urlTemplate":"https:\/\/popotinhousse.fr\/?s={search_term_string}"},"query-input":{"@type":"PropertyValueSpecification","valueRequired":true,"valueName":"search_term_string"}}],"inLanguage":"fr-FR"},{"@type":"Organization","@id":"https:\/\/popotinhousse.fr\/#organization","name":"Popotin","url":"https:\/\/popotinhousse.fr\/","logo":{"@type":"ImageObject","inLanguage":"fr-FR","@id":"https:\/\/popotinhousse.fr\/#\/schema\/logo\/image\/","url":"https:\/\/popotinhousse.fr\/wp-content\/uploads\/2026\/01\/logopopotin.png","contentUrl":"https:\/\/popotinhousse.fr\/wp-content\/uploads\/2026\/01\/logopopotin.png","width":240,"height":240,"caption":"Popotin"},"image":{"@id":"https:\/\/popotinhousse.fr\/#\/schema\/logo\/image\/"}}]}},"_links":{"self":[{"href":"https:\/\/popotinhousse.fr\/index.php?rest_route=\/wp\/v2\/pages\/2718","targetHints":{"allow":["GET"]}}],"collection":[{"href":"https:\/\/popotinhousse.fr\/index.php?rest_route=\/wp\/v2\/pages"}],"about":[{"href":"https:\/\/popotinhousse.fr\/index.php?rest_route=\/wp\/v2\/types\/page"}],"author":[{"embeddable":true,"href":"https:\/\/popotinhousse.fr\/index.php?rest_route=\/wp\/v2\/users\/1"}],"replies":[{"embeddable":true,"href":"https:\/\/popotinhousse.fr\/index.php?rest_route=%2Fwp%2Fv2%2Fcomments&post=2718"}],"version-history":[{"count":5,"href":"https:\/\/popotinhousse.fr\/index.php?rest_route=\/wp\/v2\/pages\/2718\/revisions"}],"predecessor-version":[{"id":2724,"href":"https:\/\/popotinhousse.fr\/index.php?rest_route=\/wp\/v2\/pages\/2718\/revisions\/2724"}],"wp:attachment":[{"href":"https:\/\/popotinhousse.fr\/index.php?rest_route=%2Fwp%2Fv2%2Fmedia&parent=2718"}],"curies":[{"name":"wp","href":"https:\/\/api.w.org\/{rel}","templated":true}]}}