{"id":673,"date":"2022-05-06T17:41:29","date_gmt":"2022-05-06T17:41:29","guid":{"rendered":"https:\/\/startersites.io\/blocksy\/gadgets\/?post_type=product&#038;p=673"},"modified":"2026-01-14T12:04:06","modified_gmt":"2026-01-14T11:04:06","slug":"airtag","status":"publish","type":"product","link":"https:\/\/popotinhousse.fr\/?product=airtag","title":{"rendered":"Vert sapin"},"content":{"rendered":"<p class=\"p1\">La <span class=\"s1\"><b>housse d\u2019ordinateur 2-en-1 Popotin<\/b><\/span> est con\u00e7ue pour offrir une solution pratique et innovante \u00e0 celles et ceux qui passent du temps assis avec leur ordinateur portable.<\/p>\n<p class=\"p1\">Elle prot\u00e8ge efficacement votre ordinateur tout en pouvant \u00eatre utilis\u00e9e comme <span class=\"s1\"><b>coussin d\u2019assise<\/b><\/span>, pour am\u00e9liorer le confort au quotidien.<\/p>\n<p class=\"p1\">Pens\u00e9e pour un usage polyvalent, cette housse d\u2019ordinateur s\u2019adapte aussi bien au <span class=\"s1\"><b>travail<\/b><\/span>, aux <span class=\"s1\"><b>\u00e9tudes<\/b><\/span>, au <span class=\"s1\"><b>coworking<\/b><\/span>, \u00e0 la <span class=\"s1\"><b>biblioth\u00e8que<\/b><\/span> ou \u00e0 la maison.<\/p>\n<p class=\"p1\">Facile \u00e0 transporter, elle permet de n\u2019emporter qu\u2019un seul accessoire pour deux usages essentiels : <span class=\"s1\"><b>prot\u00e9ger son ordinateur<\/b><\/span> et <span class=\"s1\"><b>\u00eatre mieux install\u00e9 lorsqu\u2019on s\u2019assoit<\/b><\/span>.<\/p>\n<p class=\"p1\">Disponible en <span class=\"s1\"><b>plusieurs tailles (13\/14 pouces et 15\/16 pouces)<\/b><\/span>, la housse Popotin convient \u00e0 la majorit\u00e9 des ordinateurs portables.<\/p>\n<p class=\"p1\">Elle se d\u00e9cline \u00e9galement en <span class=\"s1\"><b>diff\u00e9rentes couleurs et styles<\/b><\/span>, afin de s\u2019int\u00e9grer facilement \u00e0 tous les univers.<\/p>\n<p class=\"p1\">La housse d\u2019ordinateur Popotin est id\u00e9ale pour celles et ceux qui recherchent une <span class=\"s1\"><b>housse d\u2019ordinateur confortable<\/b><\/span>, fonctionnelle et bien pens\u00e9e, sans superflu.<\/p>\n","protected":false},"excerpt":{"rendered":"<p class=\"p1\"><b>Housse d\u2019ordinateur 2-en-1 Popotin. Protection du PC et confort d\u2019assise au quotidien. Tailles 13\/14\u201d et 15\/16\u201d.<\/b><\/p>\n<p>&nbsp;<\/p>\n","protected":false},"featured_media":2474,"comment_status":"open","ping_status":"closed","template":"","meta":[],"product_brand":[],"product_cat":[109],"product_tag":[],"class_list":{"0":"post-673","1":"product","2":"type-product","3":"status-publish","4":"has-post-thumbnail","6":"product_cat-housses-dordinateur","8":"first","9":"instock","10":"shipping-taxable","11":"purchasable","12":"product-type-variable"},"yoast_head":"<!-- This site is optimized with the Yoast SEO plugin v26.7 - https:\/\/yoast.com\/wordpress\/plugins\/seo\/ -->\n<title>Vert sapin - Popotin<\/title>\n<meta name=\"robots\" content=\"index, follow, max-snippet:-1, max-image-preview:large, max-video-preview:-1\" \/>\n<link rel=\"canonical\" href=\"https:\/\/popotinhousse.fr\/?product=airtag\" \/>\n<meta property=\"og:locale\" content=\"fr_FR\" \/>\n<meta property=\"og:type\" content=\"article\" \/>\n<meta property=\"og:title\" content=\"Vert sapin - Popotin\" \/>\n<meta property=\"og:description\" content=\"Housse d\u2019ordinateur 2-en-1 Popotin. Protection du PC et confort d\u2019assise au quotidien. Tailles 13\/14\u201d et 15\/16\u201d. &nbsp;\" \/>\n<meta property=\"og:url\" content=\"https:\/\/popotinhousse.fr\/?product=airtag\" \/>\n<meta property=\"og:site_name\" content=\"Popotin\" \/>\n<meta property=\"article:modified_time\" content=\"2026-01-14T11:04:06+00:00\" \/>\n<meta property=\"og:image\" content=\"https:\/\/popotinhousse.fr\/wp-content\/uploads\/2026\/01\/Capture-decran-2026-01-11-a-22.44.57.png\" \/>\n\t<meta property=\"og:image:width\" content=\"1280\" \/>\n\t<meta property=\"og:image:height\" content=\"1200\" \/>\n\t<meta property=\"og:image:type\" content=\"image\/png\" \/>\n<meta name=\"twitter:card\" content=\"summary_large_image\" \/>\n<meta name=\"twitter:label1\" content=\"Dur\u00e9e de lecture estim\u00e9e\" \/>\n\t<meta name=\"twitter:data1\" content=\"1 minute\" \/>\n<script type=\"application\/ld+json\" class=\"yoast-schema-graph\">{\"@context\":\"https:\/\/schema.org\",\"@graph\":[{\"@type\":\"WebPage\",\"@id\":\"https:\/\/popotinhousse.fr\/?product=airtag\",\"url\":\"https:\/\/popotinhousse.fr\/?product=airtag\",\"name\":\"Vert sapin - Popotin\",\"isPartOf\":{\"@id\":\"https:\/\/popotinhousse.fr\/#website\"},\"primaryImageOfPage\":{\"@id\":\"https:\/\/popotinhousse.fr\/?product=airtag#primaryimage\"},\"image\":{\"@id\":\"https:\/\/popotinhousse.fr\/?product=airtag#primaryimage\"},\"thumbnailUrl\":\"https:\/\/popotinhousse.fr\/wp-content\/uploads\/2026\/01\/Capture-decran-2026-01-11-a-22.44.57.png\",\"datePublished\":\"2022-05-06T17:41:29+00:00\",\"dateModified\":\"2026-01-14T11:04:06+00:00\",\"breadcrumb\":{\"@id\":\"https:\/\/popotinhousse.fr\/?product=airtag#breadcrumb\"},\"inLanguage\":\"fr-FR\",\"potentialAction\":[{\"@type\":\"ReadAction\",\"target\":[\"https:\/\/popotinhousse.fr\/?product=airtag\"]}]},{\"@type\":\"ImageObject\",\"inLanguage\":\"fr-FR\",\"@id\":\"https:\/\/popotinhousse.fr\/?product=airtag#primaryimage\",\"url\":\"https:\/\/popotinhousse.fr\/wp-content\/uploads\/2026\/01\/Capture-decran-2026-01-11-a-22.44.57.png\",\"contentUrl\":\"https:\/\/popotinhousse.fr\/wp-content\/uploads\/2026\/01\/Capture-decran-2026-01-11-a-22.44.57.png\",\"width\":1280,\"height\":1200},{\"@type\":\"BreadcrumbList\",\"@id\":\"https:\/\/popotinhousse.fr\/?product=airtag#breadcrumb\",\"itemListElement\":[{\"@type\":\"ListItem\",\"position\":1,\"name\":\"Accueil\",\"item\":\"https:\/\/popotinhousse.fr\/\"},{\"@type\":\"ListItem\",\"position\":2,\"name\":\"Boutique\",\"item\":\"https:\/\/popotinhousse.fr\/?page_id=684\"},{\"@type\":\"ListItem\",\"position\":3,\"name\":\"Vert sapin\"}]},{\"@type\":\"WebSite\",\"@id\":\"https:\/\/popotinhousse.fr\/#website\",\"url\":\"https:\/\/popotinhousse.fr\/\",\"name\":\"Popotin\",\"description\":\"La housse d\u2019ordinateur 2-en-1 confortable et styl\u00e9e\",\"publisher\":{\"@id\":\"https:\/\/popotinhousse.fr\/#organization\"},\"potentialAction\":[{\"@type\":\"SearchAction\",\"target\":{\"@type\":\"EntryPoint\",\"urlTemplate\":\"https:\/\/popotinhousse.fr\/?s={search_term_string}\"},\"query-input\":{\"@type\":\"PropertyValueSpecification\",\"valueRequired\":true,\"valueName\":\"search_term_string\"}}],\"inLanguage\":\"fr-FR\"},{\"@type\":\"Organization\",\"@id\":\"https:\/\/popotinhousse.fr\/#organization\",\"name\":\"Popotin\",\"url\":\"https:\/\/popotinhousse.fr\/\",\"logo\":{\"@type\":\"ImageObject\",\"inLanguage\":\"fr-FR\",\"@id\":\"https:\/\/popotinhousse.fr\/#\/schema\/logo\/image\/\",\"url\":\"https:\/\/popotinhousse.fr\/wp-content\/uploads\/2026\/01\/logopopotin.png\",\"contentUrl\":\"https:\/\/popotinhousse.fr\/wp-content\/uploads\/2026\/01\/logopopotin.png\",\"width\":240,\"height\":240,\"caption\":\"Popotin\"},\"image\":{\"@id\":\"https:\/\/popotinhousse.fr\/#\/schema\/logo\/image\/\"}}]}<\/script>\n<!-- \/ Yoast SEO plugin. -->","yoast_head_json":{"title":"Vert sapin - Popotin","robots":{"index":"index","follow":"follow","max-snippet":"max-snippet:-1","max-image-preview":"max-image-preview:large","max-video-preview":"max-video-preview:-1"},"canonical":"https:\/\/popotinhousse.fr\/?product=airtag","og_locale":"fr_FR","og_type":"article","og_title":"Vert sapin - Popotin","og_description":"Housse d\u2019ordinateur 2-en-1 Popotin. Protection du PC et confort d\u2019assise au quotidien. Tailles 13\/14\u201d et 15\/16\u201d. &nbsp;","og_url":"https:\/\/popotinhousse.fr\/?product=airtag","og_site_name":"Popotin","article_modified_time":"2026-01-14T11:04:06+00:00","og_image":[{"width":1280,"height":1200,"url":"https:\/\/popotinhousse.fr\/wp-content\/uploads\/2026\/01\/Capture-decran-2026-01-11-a-22.44.57.png","type":"image\/png"}],"twitter_card":"summary_large_image","twitter_misc":{"Dur\u00e9e de lecture estim\u00e9e":"1 minute"},"schema":{"@context":"https:\/\/schema.org","@graph":[{"@type":"WebPage","@id":"https:\/\/popotinhousse.fr\/?product=airtag","url":"https:\/\/popotinhousse.fr\/?product=airtag","name":"Vert sapin - Popotin","isPartOf":{"@id":"https:\/\/popotinhousse.fr\/#website"},"primaryImageOfPage":{"@id":"https:\/\/popotinhousse.fr\/?product=airtag#primaryimage"},"image":{"@id":"https:\/\/popotinhousse.fr\/?product=airtag#primaryimage"},"thumbnailUrl":"https:\/\/popotinhousse.fr\/wp-content\/uploads\/2026\/01\/Capture-decran-2026-01-11-a-22.44.57.png","datePublished":"2022-05-06T17:41:29+00:00","dateModified":"2026-01-14T11:04:06+00:00","breadcrumb":{"@id":"https:\/\/popotinhousse.fr\/?product=airtag#breadcrumb"},"inLanguage":"fr-FR","potentialAction":[{"@type":"ReadAction","target":["https:\/\/popotinhousse.fr\/?product=airtag"]}]},{"@type":"ImageObject","inLanguage":"fr-FR","@id":"https:\/\/popotinhousse.fr\/?product=airtag#primaryimage","url":"https:\/\/popotinhousse.fr\/wp-content\/uploads\/2026\/01\/Capture-decran-2026-01-11-a-22.44.57.png","contentUrl":"https:\/\/popotinhousse.fr\/wp-content\/uploads\/2026\/01\/Capture-decran-2026-01-11-a-22.44.57.png","width":1280,"height":1200},{"@type":"BreadcrumbList","@id":"https:\/\/popotinhousse.fr\/?product=airtag#breadcrumb","itemListElement":[{"@type":"ListItem","position":1,"name":"Accueil","item":"https:\/\/popotinhousse.fr\/"},{"@type":"ListItem","position":2,"name":"Boutique","item":"https:\/\/popotinhousse.fr\/?page_id=684"},{"@type":"ListItem","position":3,"name":"Vert sapin"}]},{"@type":"WebSite","@id":"https:\/\/popotinhousse.fr\/#website","url":"https:\/\/popotinhousse.fr\/","name":"Popotin","description":"La housse d\u2019ordinateur 2-en-1 confortable et styl\u00e9e","publisher":{"@id":"https:\/\/popotinhousse.fr\/#organization"},"potentialAction":[{"@type":"SearchAction","target":{"@type":"EntryPoint","urlTemplate":"https:\/\/popotinhousse.fr\/?s={search_term_string}"},"query-input":{"@type":"PropertyValueSpecification","valueRequired":true,"valueName":"search_term_string"}}],"inLanguage":"fr-FR"},{"@type":"Organization","@id":"https:\/\/popotinhousse.fr\/#organization","name":"Popotin","url":"https:\/\/popotinhousse.fr\/","logo":{"@type":"ImageObject","inLanguage":"fr-FR","@id":"https:\/\/popotinhousse.fr\/#\/schema\/logo\/image\/","url":"https:\/\/popotinhousse.fr\/wp-content\/uploads\/2026\/01\/logopopotin.png","contentUrl":"https:\/\/popotinhousse.fr\/wp-content\/uploads\/2026\/01\/logopopotin.png","width":240,"height":240,"caption":"Popotin"},"image":{"@id":"https:\/\/popotinhousse.fr\/#\/schema\/logo\/image\/"}}]}},"_links":{"self":[{"href":"https:\/\/popotinhousse.fr\/index.php?rest_route=\/wp\/v2\/product\/673","targetHints":{"allow":["GET"]}}],"collection":[{"href":"https:\/\/popotinhousse.fr\/index.php?rest_route=\/wp\/v2\/product"}],"about":[{"href":"https:\/\/popotinhousse.fr\/index.php?rest_route=\/wp\/v2\/types\/product"}],"replies":[{"embeddable":true,"href":"https:\/\/popotinhousse.fr\/index.php?rest_route=%2Fwp%2Fv2%2Fcomments&post=673"}],"version-history":[{"count":4,"href":"https:\/\/popotinhousse.fr\/index.php?rest_route=\/wp\/v2\/product\/673\/revisions"}],"predecessor-version":[{"id":1764,"href":"https:\/\/popotinhousse.fr\/index.php?rest_route=\/wp\/v2\/product\/673\/revisions\/1764"}],"wp:featuredmedia":[{"embeddable":true,"href":"https:\/\/popotinhousse.fr\/index.php?rest_route=\/wp\/v2\/media\/2474"}],"wp:attachment":[{"href":"https:\/\/popotinhousse.fr\/index.php?rest_route=%2Fwp%2Fv2%2Fmedia&parent=673"}],"wp:term":[{"taxonomy":"product_brand","embeddable":true,"href":"https:\/\/popotinhousse.fr\/index.php?rest_route=%2Fwp%2Fv2%2Fproduct_brand&post=673"},{"taxonomy":"product_cat","embeddable":true,"href":"https:\/\/popotinhousse.fr\/index.php?rest_route=%2Fwp%2Fv2%2Fproduct_cat&post=673"},{"taxonomy":"product_tag","embeddable":true,"href":"https:\/\/popotinhousse.fr\/index.php?rest_route=%2Fwp%2Fv2%2Fproduct_tag&post=673"}],"curies":[{"name":"wp","href":"https:\/\/api.w.org\/{rel}","templated":true}]}}